visor of j and 8.
8
Let h(r) = -r**2 + 13*r - 6. Suppose 25 = 4*j - 15. Let u be h(j). What is the greatest common factor of 60 and u?
12
Suppose 4*y = 3*t - 703, 0 = 3*y + 4*t + 566 - 45. Let k be ((-18)/(-21))/((-5)/y). What is the highest common factor of 6 and k?
6
Let o = -37 - -38. What is the greatest common divisor of o and 1?
1
Let m(x) = -2*x - 8. Let p be m(-5). Suppose -4*f - 282 = -p*k + 40, -805 = -5*k + 5*f. What is the greatest common divisor of k and 23?
23
Suppose -n - 5 = -0, -5*p - 5*n + 55 = 0. Suppose -5*z + 44 = -p. Calculate the greatest common factor of 3 and z.
3
Let n(b) = 2*b**2 + 5*b + 5. Let w be n(-4). Let k be (-3)/6 - w/(-2). What is the highest common factor of 8 and k?
8
Suppose 5*i + 4*r - 652 = 0, -4*i + 5*r + 106 + 432 = 0. Suppose p + 2*p - i = 0. Calculate the greatest common divisor of p and 11.
11
Suppose -3*m + 2 = -10. Suppose 4*p = n - 14, 3*p + 27 = 2*n + m. Suppose -27 = -3*j - 2*y + 40, 3*y + 12 = 0. What is the greatest common divisor of j and n?
5
Suppose -l = -2*x + 3*x - 14, -2*l + 32 = -2*x. What is the greatest common factor of 45 and l?
15
Let b be ((-96)/10 + 6)*-20. What is the greatest common factor of b and 48?
24
Suppose -14*n + 252 = 84. Calculate the greatest common divisor of n and 3.
3
Let p be (-3 + (-39)/(-15))/((-1)/420). What is the greatest common factor of 112 and p?
56
Let v(k) = -k + 5. Let u be v(-8). What is the greatest common divisor of u and 65?
13
Suppose 2*d - 4*d = -414. Calculate the highest common factor of d and 23.
23
Let g(t) = 3*t + 6. Let x be g(3). Calculate the greatest common divisor of 45 and x.
15
Suppose 0 = 2*s, 4*s + 68 = -3*v - 40. Suppose -406 = 3*k + 4*k. Let a = v - k. Calculate the greatest common factor of a and 55.
11
Suppose 0 = -4*y + y + 108. Let r = y + -22. What is the highest common factor of r and 2?
2
Suppose -5*b + 713 = -0*p + 4*p, 2*b + p - 284 = 0. Calculate the highest common divisor of b and 94.
47
Suppose -3*b + 6*b - 5*o - 11 = 0, 3*b + 21 = -3*o. Let m = 39 + b. Calculate the highest common divisor of m and 9.
9
Let g = -23 + 33. Calculate the highest common factor of g and 90.
10
Let s be ((-88)/6)/((-6)/(-36)). Let r = -43 - s. What is the greatest common divisor of 15 and r?
15
Let x(p) = p**3 - 13*p**2 - 2*p + 15. Let d be x(13). Let u = d - -27. What is the highest common factor of 8 and u?
8
Suppose -2 = -z + 7. What is the greatest common divisor of z and 12?
3
Let g = -44 + 46. What is the greatest common factor of 14 and g?
2
Let j be 129/9 - 4*(-1)/6. Calculate the greatest common divisor of 105 and j.
15
Suppose 2*k - 131 = 155. Suppose h = -3*d + 22, -34 - 21 = -4*h - d. Calculate the greatest common divisor of k and h.
13
Let f(l) = -l**2 + 5*l + 9. Let k be f(4). What is the highest common factor of 143 and k?
13
Let u(r) = r**3 + 3*r**2 + 3. Let s be u(-3). Let z(d) = -6*d**2 + 0*d**3 + 2*d**3 + 4*d**2 - 3. Let k be z(s). What is the greatest common divisor of k and 11?
11
Let f be ((-9)/(-2))/((-2)/8). Let b = 6 - f. What is the highest common divisor of 4 and b?
4
Let n be 3 + 2/((-8)/(-60)). Let s = 28 - n. What is the greatest common factor of 25 and s?
5
Suppose 0 = -3*x + 3, 4*k + 5*x - 3*x = -18. Let p(o) = -2*o - 2. Let j be p(k). Suppose -3*h = -h - 32. What is the greatest common factor of j and h?
8
Let i(n) = 3*n**2 - 2*n - 1. Let a be i(-4). What is the greatest common divisor of 11 and a?
11
Let m = -19 + 33. What is the greatest common divisor of 126 and m?
14
Suppose 2*a = -2*a + 3*z - 68, -2*a - z - 44 = 0. Let h = a - -43. Let m be 115 - (2 + 0 + -2). Calculate the highest common factor of h and m.
23
Suppose 4*t + 41 = -3*m + 107, 2*t - 78 = -4*m. What is the highest common divisor of m and 2?
2
Let p(h) = -3*h + 15. Let r = 15 + -26. Let v be p(r). What is the highest common factor of v and 12?
12
Let i(x) = 0*x**3 - x + x**3 - 3*x**2 - x**3 + 2 + 2*x**3. Let q be i(2). Let y be 4/6 + (-130)/(-3). Calculate the highest common factor of q and y.
4
Suppose u = 5*u + 3*x + 35, 5*u = -x - 30. Let m = u - -8. Suppose 2*z - m*z = -2. Calculate the greatest common divisor of z and 4.
2
Let p(i) = 0*i + 4*i - i + 2. Let x be p(2). Let g be 1 + (5 - -3) - 1. Calculate the greatest common factor of x and g.
8
Let p(r) = r**3 + 8*r**2 + 5*r - 8. Let f be p(-7). Let u(n) = 2*n + 1. Let g be u(f). What is the highest common divisor of g and 65?
13
Let g = 8 - -22. Let k = 7 - 5. Suppose 0 = 5*p - k - 28. Calculate the highest common factor of g and p.
6
Let t = 20 - -3. Suppose -t = -3*s - 5*l, -s - l + 59 = 3*s. Suppose -2*r = -r - s. Calculate the greatest common divisor of r and 128.
16
Let f be ((-20)/(-7))/((-15)/(-105)). Calculate the highest common divisor of 8 and f.
4
Let s be 4/14 + (-18)/14. Let w be 2/1 - (s - -2). Suppose -w = v - 5. What is the greatest common divisor of 12 and v?
4
Let d be ((-14)/(-8))/(1/4). Let v = d + -3. Suppose 2*a + a - 93 = -5*n, -v*n = 2*a - 76. Calculate the highest common divisor of n and 42.
21
Let h be (6/(-4))/(13/(-26)). Calculate the highest common factor of h and 9.
3
Let y(q) = -2*q - 3. Let l be y(-2). Let f = -19 - -20. Calculate the highest common divisor of f and l.
1
Suppose -9*v = -4*v + 2*r, 5*v = -4*r. Suppose v = -4*q + 2*q. Let c(z) = z**3 - z**2 + 42. Let y be c(q). Calculate the greatest common factor of 6 and y.
6
Let m be (-867)/(-3) - (-2)/1. Let s = -84 + m. Calculate the greatest common divisor of 23 and s.
23
Let q(l) = -l**2 - 17*l + 1. Let j be q(-14). Calculate the highest common factor of j and 387.
43
Suppose j = b - 13, -b + 5*j + 0 = -17. Calculate the greatest common divisor of b and 108.
12
Let q(l) = l**3 + 9*l**2 + 8*l + 10. Let n(x) = -x - 17. Let w be n(-9). Let v be q(w). Calculate the greatest common divisor of v and 50.
10
Let x = 0 - -2. Suppose 3*y = -z + x*y + 11, 50 = 4*z - 2*y. Calculate the highest common divisor of 12 and z.
12
Suppose -189 = 5*q - 12*q. Calculate the greatest common factor of 189 and q.
27
Let o be 1 - 8*(-5 + 1). What is the highest common divisor of 3 and o?
3
Suppose -6*c + 124 = 3*u - c, -c + 44 = u. What is the greatest common divisor of 16 and u?
16
Suppose 3*a - 6 = -3*h, 5*a + 2*h + 2*h = 12. Let m(r) = -r**3 + 23*r**2 + 25*r - 23. Let t be m(24). What is the highest common factor of a and t?
1
Let k be (-2044)/(-20) - (-1)/(-5). Let b be k/14 - 4/14. Calculate the highest common divisor of 49 and b.
7
Let t(z) = -z**2 + 5*z - 2. Let n be t(4). Suppose i = 3, n*f - f = -2*i + 6. Suppose 4*q = -f + 4. Calculate the greatest common factor of q and 11.
1
Let p(w) = -w**2 - 8*w - 5. Let c be p(-7). Let d = 0 + c. What is the greatest common divisor of 16 and d?
2
Let c(p) = 8*p + 24. Let s be c(2). What is the greatest common factor of s and 30?
10
Suppose 0 = -0*d + 5*d - 135. What is the greatest common divisor of 18 and d?
9
Suppose -1021 = -18*k + 167. Calculate the greatest common factor of 22 and k.
22
Suppose 2*l + 30 = 5*l. Let v = -3 + l. What is the greatest common divisor of v and 56?
7
Suppose -4*u = -8*u + 24. Suppose -u*m + m = -40. Calculate the greatest common divisor of m and 72.
8
Let w = 12 - 7. Suppose w*b = 13 + 152. Let z(l) = -l + 2. Let m be z(-9). Calculate the greatest common factor of b and m.
11
Suppose 0 = w - 0*w - 10. Let f(a) = -a**2 - 18*a + 10. Let i be f(-10). Calculate the highest common factor of w and i.
10
Let a(q) = -18*q - 6. Let r be a(-4). Let n = 16 - 19. Let s = n - -9. Calculate the greatest common divisor of s and r.
6
Let g be ((-5)/2 - -2)*-2. Suppose 21 = m - 3*j, j + 17 - 6 = m. Let y = m + g. Calculate the greatest common divisor of y and 28.
7
Let b(t) = -t**2 + 13*t - 13. Let w be b(10). What is the highest common divisor of w and 119?
17
Let o = 4 + 0. Suppose 5*x - 3*t - 39 = 0, -3 + 39 = 4*x - o*t. Let w be (-48)/8*(-1 + 1 + -5). What is the greatest common factor of w and x?
6
Suppose 5 = -3*b + 4*b. Suppose 2*v + 6 = 5*t, t + t - b*v + 6 = 0. Let g be (-2*2)/(-4) + 15. What is the greatest common divisor of g and t?
2
Let f(c) = 5*c**3 - c**2. Let o be f(1). Let l be 45/o + 6/(-24). Calculate the highest common divisor of l and 33.
11
Let c be -1 - (-1)/(2/62). Calculate the highest common factor of c and 12.
6
Let w be (-1)/(-2)*(